e factors of 1960441314?
2, 3, 13, 1123, 22381
List the prime factors of 2162302009.
7, 1699, 181813
List the prime factors of 926352961.
19, 163, 299113
What are the prime factors of 2617307327?
2617307327
What are the prime factors of 865212912?
2, 3, 29, 207187
List the prime factors of 713730273.
3, 23, 1777, 5821
List the prime factors of 333224723.
13, 2333, 10987
List the prime factors of 1634652494.
2, 1217, 671591
What are the prime factors of 393618231?
3, 19, 767287
List the prime factors of 2389251048.
2, 3, 99552127
What are the prime factors of 780543480?
2, 3, 5, 97, 67057
What are the prime factors of 32706820?
2, 5, 1635341
List the prime factors of 512329734.
2, 3, 7, 131, 31039
List the prime factors of 919994248.
2, 353, 325777
What are the prime factors of 77886694?
2, 23, 31, 193, 283
What are the prime factors of 155249043?
3, 691, 74891
What are the prime factors of 274267028?
2, 7, 89, 110059
What are the prime factors of 223453961?
29, 277, 27817
What are the prime factors of 4936061420?
2, 5, 2671, 92401
What are the prime factors of 1008759955?
5, 7, 743, 38791
List the prime factors of 90785800.
2, 5, 7, 19, 3413
List the prime factors of 14823548.
2, 3705887
List the prime factors of 634667194.
2, 7, 151, 300221
What are the prime factors of 40476394?
2, 7, 2891171
What are the prime factors of 2336600319?
3, 778866773
List the prime factors of 231344236.
2, 1399, 41341
List the prime factors of 6511986827.
41, 73, 79, 27541
What are the prime factors of 414273598?
2, 4027, 51437
What are the prime factors of 23220630?
2, 3, 5, 59, 4373
List the prime factors of 488597574.
2, 3, 41, 1986169
What are the prime factors of 231600733?
7, 13, 1223, 2081
List the prime factors of 79189636.
2, 83, 97, 2459
What are the prime factors of 323133125?
5, 7, 73859
List the prime factors of 123885460.
2, 5, 17, 199, 1831
What are the prime factors of 32737765?
5, 6547553
List the prime factors of 41875438.
2, 11, 173039
What are the prime factors of 248044533?
3, 11, 919, 8179
List the prime factors of 86687682.
2, 3, 67, 223, 967
What are the prime factors of 366921595?
5, 73384319
List the prime factors of 506354774.
2, 253177387
What are the prime factors of 190522039?
41, 71, 65449
List the prime factors of 2271499007.
761, 2984887
List the prime factors of 339607301.
11, 401, 76991
List the prime factors of 2494604183.
19, 3571, 36767
What are the prime factors of 1473988932?
2, 3, 13, 242273
List the prime factors of 636396925.
5, 19, 677, 1979
What are the prime factors of 55609128?
2, 3, 772349
List the prime factors of 108749532.
2, 3, 2179, 4159
What are the prime factors of 1262370487?
7, 25762663
List the prime factors of 273001685.
5, 11, 4963667
List the prime factors of 905913548.
2, 3011, 75217
List the prime factors of 42822663.
3, 13, 1098017
What are the prime factors of 43918322?
2, 7, 401, 7823
What are the prime factors of 5936084833?
7, 5843, 145133
List the prime factors of 2248855897.
17, 132285641
List the prime factors of 4739437127.
389, 12183643
What are the prime factors of 115481919?
3, 7, 23, 373, 641
List the prime factors of 3412146364.
2, 11, 17, 37, 123289
List the prime factors of 4181480149.
7, 11, 37, 139, 10559
What are the prime factors of 599580480?
2, 3, 5, 17, 36739
What are the prime factors of 2219096877?
3, 6367, 116177
What are the prime factors of 61252446?
2, 3, 337, 30293
What are the prime factors of 116947324?
2, 13, 172999
List the prime factors of 694062996.
2, 3, 11, 23, 228611
What are the prime factors of 8588065488?
2, 3, 59, 1279, 2371
List the prime factors of 61866665.
5, 7, 23, 10979
What are the prime factors of 104366871?
3, 7, 1656617
What are the prime factors of 193170512?
2, 12073157
What are the prime factors of 319202645?
5, 83, 179, 4297
List the prime factors of 28878370.
2, 5, 43, 239, 281
What are the prime factors of 423722055?
3, 5, 83, 340339
What are the prime factors of 56264435?
5, 439, 25633
List the prime factors of 315225761.
389, 810349
List the prime factors of 231276640.
2, 5, 7, 37, 5581
What are the prime factors of 30848852?
2, 7712213
List the prime factors of 3787908969.
3, 13, 97125871
List the prime factors of 915380126.
2, 457690063
What are the prime factors of 913955067?
3, 41, 43, 57601
What are the prime factors of 658453241?
658453241
What are the prime factors of 12625295?
5, 29, 87071
What are the prime factors of 6033578768?
2, 7, 53871239
What are the prime factors of 1744382546?
2, 17, 409, 125441
What are the prime factors of 35355242?
2, 13, 1359817
What are the prime factors of 85287682?
2, 491, 86851
List the prime factors of 62798528.
2, 13, 75479
List the prime factors of 90337295.
5, 18067459
List the prime factors of 874183295.
5, 521, 335579
What are the prime factors of 4487912728?
2, 13, 43153007
What are the prime factors of 572340356?
2, 7, 59, 346453
What are the prime factors of 3647917824?
2, 3, 109, 43577
List the prime factors of 36455258.
2, 7, 1291, 2017
List the prime factors of 93238701.
3, 127, 244721
List the prime factors of 15241965.
3, 5, 29, 37, 947
What are the prime factors of 1084022095?
5, 13, 16677263
List the prime factors of 321372503.
89, 1291, 2797
List the prime factors of 213056956.
2, 7, 19, 557, 719
What are the prime factors of 1318284465?
3, 5, 17, 29, 89, 2003
What are the prime factors of 2286748447?
2286748447
List the prime factors of 200748882.
2, 3, 33458147
List the prime factors of 1239827816.
2, 17, 9116381
What are the prime factors of 21122761?
11, 43, 44657
List the prime factors of 1040433678.
2, 3, 4129, 13999
What are the prime factors of 1333027633?
7, 190432519
List the prime factors of 212608112.
2, 13288007
What are the prime factors of 2049742826?
2, 181, 5662273
What are the prime factors of 35897565?
3, 5, 11, 217561
What are the prime factors of 159560231?
159560231
List the prime factors of 63049748.
2, 47, 151, 2221
List the prime factors of 3187337342.
2, 7, 227666953
What are the prime factors of 3940300437?
3, 1313433479
What are the prime factors of 930803234?
2, 59, 7888163
List the prime factors of 15465562.
2, 7, 1104683
List the prime factors of 431697234.
2, 3, 311, 231349
List the prime factors of 1136686567.
379, 2999173
List the prime factors of 126543220.
2, 5, 41, 154321
List the prime factors of 429693085.
5, 1787, 48091
List the prime factors of 70297278.
2, 3, 17, 617, 1117
List the prime factors of 136849773.
3, 45616591
List the prime factors of 178942037.
178942037
List the prime factors of 94139029.
94139029
What are the prime factors of 6260277911?
131, 47788381
List the prime factors of 18787.
18787
What are the prime factors of 251194051?
251194051
What are the prime factors of 71640767?
11, 6512797
What are the prime factors of 261582165?
3, 5, 13, 149, 3001
What are the prime factors of 3269706043?
6701, 487943
List the prime factors of 352922676.
2, 3, 463, 63521
List the prime factors of 738800232.
2, 3, 30783343
List the prime factors of 427423154.
2, 213711577
What are the prime factors of 127290113?
173, 735781
What are the prime factors of 3593899045?
5, 11, 349, 17021
List the prime factors of 1481981674.
2, 740990837
What are the prime factors of 3554951774?
2, 11, 161588717
What are the prime factors of 7321850633?
449, 2579, 6323
List the prime factors of 34494841.
37, 149, 6257
What are the prime factors of 3030402829?
3030402829
List the prime factors of 2951653737.
3, 1259, 781481
List the prime factors of 38419670.
2, 5, 271, 14177
List the prime factors of 207156724.
2, 51789181
List the prime factors of 18481474.
2, 11, 840067
What are the prime factors of 5186711066?
2, 67, 38706799
What are the prime factors of 430434268?
2, 11, 889327
What are the prime factors of 140813878?
2, 1597, 44087
List the prime factors of 389252103.
3, 197, 658633
List the prime factors of 297959281.
297959281
List the prime factors of 2386683205.
5, 23, 1753, 11839
What are the prime factors of 1832987561?
31, 1801, 32831
List the prime factors of 269019234.
2, 3, 11, 283, 4801
What are the prime factors of 2943798523?
17, 173164619
What are the prime factors of 19566185?
5, 3913237
What are the prime factors of 1740058475?
5, 19, 